{"id":1505,"date":"2018-12-19T22:27:37","date_gmt":"2018-12-19T21:27:37","guid":{"rendered":"https:\/\/yevea.com\/productos\/?post_type=product&#038;p=1505"},"modified":"2023-10-19T00:08:48","modified_gmt":"2023-10-18T23:08:48","slug":"balda-tablon","status":"publish","type":"product","link":"https:\/\/yevea.com\/productos\/producto\/balda-tablon\/","title":{"rendered":"511. balda tabl\u00f3n"},"content":{"rendered":"<ol>\n<li>balda es un tabl\u00f3n de olivo con grietas<\/li>\n<li>madera contiene muchas grietas y nudos<\/li>\n<li>tabl\u00f3n es muy poco trabajado &#8211; tal como sale del tronco de olivo<\/li>\n<li>el tabl\u00f3n crudo se convierte en un estante en que se deja caer y se atornilla sobre las escuadras atornilladas previamente a la pared<\/li>\n<li>las escuadras no est\u00e1n incluidas<\/li>\n<li>largo, ancho y grueso son solamente aproximados<\/li>\n<li>cantos naturales, contienen trozos de corteza<\/li>\n<li>cantos amolados con lija de 80 &#8211; se ven las marcas de la lija gruesa<\/li>\n<li>tabl\u00f3n de grosor medio fino e irregular (2-3 cm)<\/li>\n<li>ancho irregular siguiendo la forma de tronco<\/li>\n<li>tabl\u00f3n de olivo NO es rectangular nunca, unque lo elegimos de forma m\u00e1s rectangular posible. Si el tabl\u00f3n es demasiado irregular, les cortamos con la sierra los trozos de canto que sobresalen demasiado &#8211; en tal caso se ver\u00e1n las marcas de la sierra en los cantos<\/li>\n<li>las cara superior tiene un lijado de grano 120<\/li>\n<li>acabado con aceite para madera de olivo<\/li>\n<li>tabl\u00f3n tiene cantos naturales en ambos lados y no llegan a llenar el hueco entre estanter\u00eda y la pared<\/li>\n<li>la fuerza estructural del tablones est\u00e1 dentro de lo habitual, y no admite cargas pesadas<\/li>\n<\/ol>\n","protected":false},"excerpt":{"rendered":"<h4>balda de tabl\u00f3n de olivo con todos los cantos irregulares<\/h4>\n","protected":false},"featured_media":2349,"template":"","meta":[],"product_brand":[],"product_cat":[235],"product_tag":[],"class_list":{"0":"post-1505","1":"product","2":"type-product","3":"status-publish","4":"has-post-thumbnail","6":"product_cat-madera","8":"first","9":"onbackorder","10":"taxable","11":"shipping-taxable","12":"purchasable","13":"product-type-simple"},"_links":{"self":[{"href":"https:\/\/yevea.com\/productos\/wp-json\/wp\/v2\/product\/1505","targetHints":{"allow":["GET"]}}],"collection":[{"href":"https:\/\/yevea.com\/productos\/wp-json\/wp\/v2\/product"}],"about":[{"href":"https:\/\/yevea.com\/productos\/wp-json\/wp\/v2\/types\/product"}],"wp:featuredmedia":[{"embeddable":true,"href":"https:\/\/yevea.com\/productos\/wp-json\/wp\/v2\/media\/2349"}],"wp:attachment":[{"href":"https:\/\/yevea.com\/productos\/wp-json\/wp\/v2\/media?parent=1505"}],"wp:term":[{"taxonomy":"product_brand","embeddable":true,"href":"https:\/\/yevea.com\/productos\/wp-json\/wp\/v2\/product_brand?post=1505"},{"taxonomy":"product_cat","embeddable":true,"href":"https:\/\/yevea.com\/productos\/wp-json\/wp\/v2\/product_cat?post=1505"},{"taxonomy":"product_tag","embeddable":true,"href":"https:\/\/yevea.com\/productos\/wp-json\/wp\/v2\/product_tag?post=1505"}],"curies":[{"name":"wp","href":"https:\/\/api.w.org\/{rel}","templated":true}]}}