{"id":1138,"date":"2018-11-21T12:32:26","date_gmt":"2018-11-21T11:32:26","guid":{"rendered":"https:\/\/yevea.com\/productos\/?post_type=product&#038;p=1138"},"modified":"2023-10-18T21:19:16","modified_gmt":"2023-10-18T20:19:16","slug":"tronco-olivo","status":"publish","type":"product","link":"https:\/\/yevea.com\/productos\/producto\/tronco-olivo\/","title":{"rendered":"201. tronco olivo"},"content":{"rendered":"<h4>Tronco de olivo centenario singular<\/h4>\n<p>Por defecto aserramos todos los troncos que entran en nuestra sererr\u00eda de olivo, as\u00ed que no vendemos troncos crudos. Salvo si a nuestra serrer\u00eda entran un troncos de olivo con formas interesantes. Los troncos singulares cortamos horizontalmente a unos 72 cm y los reservamos para los decoradores, quienes los utilizan como peanas en sus proyectos. Los troncos singulares son muy apreciados tambi\u00e9n entre los escultores. <\/p>\n","protected":false},"excerpt":{"rendered":"<p>Tronco de olivo centenario singular Por defecto aserramos todos los troncos que entran en nuestra sererr\u00eda de olivo, as\u00ed que no vendemos troncos crudos. Salvo si a nuestra serrer\u00eda entran un troncos de olivo con formas interesantes. Los troncos singulares cortamos horizontalmente a unos 72 cm y los reservamos para los decoradores, quienes los utilizan [&hellip;]<\/p>\n","protected":false},"featured_media":2122,"template":"","meta":[],"product_brand":[],"product_cat":[235],"product_tag":[],"class_list":{"0":"post-1138","1":"product","2":"type-product","3":"status-publish","4":"has-post-thumbnail","6":"product_cat-madera","8":"first","9":"instock","10":"taxable","11":"shipping-taxable","12":"purchasable","13":"product-type-simple"},"_links":{"self":[{"href":"https:\/\/yevea.com\/productos\/wp-json\/wp\/v2\/product\/1138","targetHints":{"allow":["GET"]}}],"collection":[{"href":"https:\/\/yevea.com\/productos\/wp-json\/wp\/v2\/product"}],"about":[{"href":"https:\/\/yevea.com\/productos\/wp-json\/wp\/v2\/types\/product"}],"wp:featuredmedia":[{"embeddable":true,"href":"https:\/\/yevea.com\/productos\/wp-json\/wp\/v2\/media\/2122"}],"wp:attachment":[{"href":"https:\/\/yevea.com\/productos\/wp-json\/wp\/v2\/media?parent=1138"}],"wp:term":[{"taxonomy":"product_brand","embeddable":true,"href":"https:\/\/yevea.com\/productos\/wp-json\/wp\/v2\/product_brand?post=1138"},{"taxonomy":"product_cat","embeddable":true,"href":"https:\/\/yevea.com\/productos\/wp-json\/wp\/v2\/product_cat?post=1138"},{"taxonomy":"product_tag","embeddable":true,"href":"https:\/\/yevea.com\/productos\/wp-json\/wp\/v2\/product_tag?post=1138"}],"curies":[{"name":"wp","href":"https:\/\/api.w.org\/{rel}","templated":true}]}}