{"id":1079,"date":"2018-11-19T19:03:44","date_gmt":"2018-11-19T18:03:44","guid":{"rendered":"https:\/\/yevea.com\/productos\/?post_type=product&#038;p=1079"},"modified":"2026-03-11T21:33:50","modified_gmt":"2026-03-11T20:33:50","slug":"cuadradillo-olivo","status":"publish","type":"product","link":"https:\/\/yevea.com\/productos\/producto\/cuadradillo-olivo\/","title":{"rendered":"213. cuadradillo olivo"},"content":{"rendered":"<p>El cuadradillo es un producto semi-acabado, aserrado del tronco de olivo en crudo, destinado a la elaboraci\u00f3n posterior por un tornero, carpintero o artesano de madera de olivo.<\/p>\n<ul>\n<li>En la calidad \u00abtorner\u00eda\u00bb los demandan sobre todo los torneros para la fabricaci\u00f3n de instrumentos musicales etc. <\/li>\n<li>En la calida \u00abcarpinter\u00eda\u00bb los demandan los carpinteros para muebles o artesan\u00eda. Nosotros los utilizamos para la fabricaci\u00f3n de adoquines, tablas de cocina y encimeras de tacos.<\/li>\n<li>En la calidad \u00abdecoraci\u00f3n\u00bb los utilizan p.e. las empresas de trofeos para fabricar las peanas, los artesanos para el arte etc.<\/li>\n<\/ul>\n<p>Los cuadradillos de olivo obtenemos sobre todo de las mejores secciones de nuestros tablones de 70 mm de grosor, cort\u00e1ndolos con la sierra. Despu\u00e9s, iniciamos el proceso de secado lento en condiciones especiales aunque cada lote se suele vender antes de llegar a secarse. Por este motivo los cuadradillos se sirven con el proceso de secado no completado &#8211; <q>oreado<\/q>.  <\/p>\n<ul>\n<li>Madera de olivo<\/li>\n<li>Aserrada cruda (\u00a1no mecanizada!)<\/li>\n<li>Sin secado (oreado)<\/li>\n<li>Ancho x Alto est\u00e1ndar: <b>7 x 7<\/b> cm<\/li>\n<li>Largos est\u00e1ndar: <b>29<\/b> y <b>34<\/b> cm<\/li>\n<li>Disponible en 3 calidades:\n<ol>\n<li><q>Torner\u00eda<\/q> &#8211; calidad <b>\u00abT\u00bb<\/b>,conocida com\u00fanmente como calidad \u00abA\u00bb, por nosotros tambi\u00e9n nombrada calidad \u00abP\u00bb (de la variedad de olivo Picual), es para tornear o proyectos en cuales se requiere madera sin grietas profundas.<\/li>\n<li><q>Carpinter\u00eda<\/q> &#8211; calidad <b>\u00abC\u00bb<\/b>, esta calidad contiene grietas profundas y agujeros peque\u00f1os. Se utiliza para mecanizar, encolar etc., .<\/li>\n<li><q>Decoraci\u00f3n<\/q> &#8211; calidad <b>\u00abD\u00bb<\/b> o la llamamos tambi\u00e9n \u00abP\u00bb de \u00abPicual\u00bb, es el tabl\u00f3n de olivo cortado tal cual, sin sanear, manteniendo las grietas, nudos, agujeros y cualquier otra imperfecci\u00f3n inherente a la madera de olivo. Se usa en proyectos art\u00edsticos, fabricaci\u00f3n de peanas decorativas etc.<\/li>\n<\/ol>\n<p>Aprende m\u00e1s sobre las <a href=\"https:\/\/yevea.com\/madera-olivo-venta.html#tablones-calidad\">calidades de madera de olivo<\/a><\/p>\n<\/li>\n<\/ul>\n","protected":false},"excerpt":{"rendered":"<p>El cuadradillo es un producto semi-acabado, aserrado del tronco de olivo en crudo, destinado a la elaboraci\u00f3n posterior por un tornero, carpintero o artesano de madera de olivo. En la calidad \u00abtorner\u00eda\u00bb los demandan sobre todo los torneros para la fabricaci\u00f3n de instrumentos musicales etc. En la calida \u00abcarpinter\u00eda\u00bb los demandan los carpinteros para muebles [&hellip;]<\/p>\n","protected":false},"featured_media":1784,"template":"","meta":[],"product_brand":[],"product_cat":[235],"product_tag":[],"class_list":{"0":"post-1079","1":"product","2":"type-product","3":"status-publish","4":"has-post-thumbnail","6":"product_cat-madera","7":"product_shipping_class-accesorios","9":"first","10":"instock","11":"taxable","12":"shipping-taxable","13":"purchasable","14":"product-type-variable","15":"has-default-attributes"},"_links":{"self":[{"href":"https:\/\/yevea.com\/productos\/wp-json\/wp\/v2\/product\/1079","targetHints":{"allow":["GET"]}}],"collection":[{"href":"https:\/\/yevea.com\/productos\/wp-json\/wp\/v2\/product"}],"about":[{"href":"https:\/\/yevea.com\/productos\/wp-json\/wp\/v2\/types\/product"}],"wp:featuredmedia":[{"embeddable":true,"href":"https:\/\/yevea.com\/productos\/wp-json\/wp\/v2\/media\/1784"}],"wp:attachment":[{"href":"https:\/\/yevea.com\/productos\/wp-json\/wp\/v2\/media?parent=1079"}],"wp:term":[{"taxonomy":"product_brand","embeddable":true,"href":"https:\/\/yevea.com\/productos\/wp-json\/wp\/v2\/product_brand?post=1079"},{"taxonomy":"product_cat","embeddable":true,"href":"https:\/\/yevea.com\/productos\/wp-json\/wp\/v2\/product_cat?post=1079"},{"taxonomy":"product_tag","embeddable":true,"href":"https:\/\/yevea.com\/productos\/wp-json\/wp\/v2\/product_tag?post=1079"}],"curies":[{"name":"wp","href":"https:\/\/api.w.org\/{rel}","templated":true}]}}